-1 - -1 - -4 - 3).
3
What is 2 + (0 - (8 - 5))?
-1
Calculate 12 + -6 + -7 - -6.
5
Evaluate 3 - (-5 - -5 - -3 - 0).
0
What is the value of 0 - -2 - 3 - -6?
5
Calculate 11 + -5 + (3 - 7).
2
Evaluate 4 + 4 - (10 + 1).
-3
Evaluate 7 + -9 + 4 + 1.
3
(4 + -1 - 9) + 2 + 6
2
Calculate -4 + (5 + 2 - 7).
-4
Evaluate -83 + 84 + (-3 - (-2 + 1)).
-1
Calculate -4 + 10 + -6 + 3.
3
What is the value of -6 + 1 + (-6 - (-10 + -3))?
2
What is -33 + 28 - (7 - 2)?
-10
What is 1 - -1 - 6 - 1?
-5
What is 2 - 2 - (1 - -1)?
-2
(-9 - (-1 + -10)) + -2
0
What is -25 - -24 - (-1 + 4)?
-4
Evaluate (-1 - 0 - 5) + 10.
4
0 + -6 + -3 + -3 + 12
0
(-13 - -20) + -2 + -5
0
What is the value of -13 - 1 - (-101 + 93)?
-6
Evaluate -4 - (0 + -2 - -2).
-4
Evaluate 2 + -3 + 2 - -5.
6
What is the value of -82 - -83 - (5 - -1)?
-5
-1 + (4 - -1 - 4) + 5
5
What is -3 + -3 + -2 + 9 + 0?
1
What is the value of 4 + (-4 - 0) + 3 - 3?
0
Calculate -4 + -18 + 7 - -23.
8
Evaluate -7 - (-7 + (-5 - -4)).
1
-16 + 10 + 5 + 0 + -4
-5
What is the value of -8 + (10 - -4) - 5?
1
What is the value of -3 + 3 + -3 + -2?
-5
What is the value of -3 - -2 - -6 - (25 - 23)?
3
-10 + (-3 + 6 - 5 - -8)
-4
Calculate (-5 - (8 + -5)) + 12.
4
Calculate (0 + -3 - -4) + 7 + -11.
-3
What is 13 - (11 - (8 - 4))?
6
(2 - 8) + -2 + 0
-8
What is 0 + 11 - (-57 - -59)?
9
What is -16 + 13 - ((-1 - 3) + 1)?
0
Calculate (-19 - -10) + (3 - -7).
1
Calculate 13 - 20 - (-1 + -2).
-4
1 - (2 - (1 + -1 - -1))
0
What is (0 + 4 - 8) + 0 + 8?
4
Evaluate (-2 - -1 - 3) + 0 + 2.
-2
4 + (4 - (6 + -2))
4
Calculate (-2 + 3 - 0) + (0 - 5).
-4
What is -7 + (-5 - -10 - 2)?
-4
Calculate -2 - -2 - 2 - 2.
-4
What is -4 + 0 + 3 + -2 + 3?
0
Evaluate (-11 - -11) + (-1 - 0).
-1
What is the value of -1 + -7 + 8 - (-1 - -1)?
0
Evaluate -5 - -2 - ((4 - 15) + 9).
-1
What is the value of 3 - 3 - 4 - -7 - -2?
5
1 + (10 - (2 + 8 + -5))
6
What is -15 + 12 + (1 - 3 - 3)?
-8
Calculate -2 + -1 + -16 + -15 + 25.
-9
What is the value of -2 + 0 + -11 + 12 - 0?
-1
Evaluate 1 + (0 - -3) - (-10 - -13).
1
Calculate (-6 - -5) + (-2 - -3) - 7.
-7
What is 12 - 8 - 11 - -11?
4
(-11 - -13) + (-3 - 0)
-1
What is 1 + 21 + -12 - 14?
-4
What is the value of (-6 - -4 - (4 - 4)) + 0?
-2
What is the value of 9 + 0 + -11 - -2?
0
Evaluate (-5 - 1 - -14) + -8.
0
Evaluate (-1 - -1) + -2 + 4 + -5.
-3
Calculate (0 - 3) + -2 + 3 + 0.
-2
0 - -3 - (52 + -42)
-7
Evaluate 3 - (-6 + (11 - 5)).
3
Calculate -3 + 0 + 7 - (1 - 2).
5
Calculate (-3 - -4) + 0 + (-4 - -3).
0
Evaluate -5 - (-16 - -10 - -8).
-7
What is -4 - (-1 - (-3 - (-7 - 1)))?
2
What is the value of -4 - ((-4 - -1) + 2 - 0)?
-3
Evaluate (-1 - 0) + 1 - (-18 - -21).
-3
What is 3 + -10 - -11 - (0 + 0)?
4
What is 5 - (-2 + 3 + 5)?
-1
What is the value of -5 - (5 + (-12 - -3) - -2)?
-3
Calculate -1 + -1 + 8 + -11 + 4.
-1
Calculate -1 - (-2 - (9 - 0 - 6)).
4
Calculate -7 + 8 + -4 - 1.
-4
Calculate (-4 - 1 - (-33 + 30)) + 10.
8
-3 - (-14 + 14 + 2)
-5
Calculate -19 + 16 - 0 - (0 + 2).
-5
Calculate 5 + 4 + -2 - 2.
5
Evaluate 3 + (-2 - 10) + -8 + 15.
-2
What is the value of -18 - (-3 - 4 - 3)?
-8
5 + (3 + 0 - (67 - 69))
10
Evaluate -6 + 10 + (-3 - (0 - 1)).
2
Calculate (-2 - -1) + (26 - 24) - 7.
-6
What is the value of -1 + 12 + (90 - 92)?
9
-9 + 0 + 10 + -1 + 1
1
Evaluate (-1 - -3) + 7 + -8 - 1.
0
Calculate 2 + (3 - (-13 + 2 + 6)).
10
Calculate 4 + (-8 - 1 - -6).
1
1 + -3 + -12 + 14 - -6
6
Calculate 9 + 3 - 17 - (-1 + -5).
1
What is the value of (9 - (-5 + 8) - -5) + -5?
6
What is 1 + 0 - (-1 - (2 + -2))?
2
Calculate -2 + 11 - (9 + (9 - 12)).
3
0 + (2 - (-4 + 9))
-3
What is the value of (-3 + 2 - 1) + 2?
0
Calculate (0 - 1) + -8 + 7.
-2
Calculate -6 - 0 - -5 - (4 + 0).
-5
Calculate -3 + (-2 + 3 + 2 - 0).
0
-3 + -4 + 0 + 7
0
Evaluate 0 + 4 - (-2 + 1).
5
What is -1 - -2 - -2 - (-1 - -4)?
0
Calculate -14 + 9 + 4 - 4.
-5
Calculate (-7 - (7 + -23)) + -4.
5
Evaluate 1 + 4 + -1 + 2.
6
Calculate -7 + 4 + (-17 - -16).
-4
Calculate 3 + -2 + -1 + 3 - 3.
0
Calculate -5 + 1 + -3 + 6.
-1
What is -8 + 10 + -15 + 9?
-4
What is 5 + -4 + -4 - 0?
-3
-7 - (1 + -3 - (-3 - -5))
-3
(-2 - 1) + 2 + (6 - 3)
2
What is -3 + 2 + 1 + -2?
-2
What is the value of -10 + 5 - (5 - 5)?
-5
Evaluate -2 - -15 - (90 - 76).
-1
Calculate -4 + 8 - (4 + -2).
2
What is (12 - (-3 - -14)) + 7?
8
What is 3 - (4 + -2 + 5)?
-4
Calculate 2 + 4 + -2 + 0 - 7.
-3
-1 + (2 - (4 - 3))
0
What is -8 + 18 + -9 - (1 - 1)?
1
What is 4 - (1 + (0 - 2) + 2)?
3
What is the value of 6 + (3 - 3 - 5) - 2?
-1
What is the value of -10 - -29 - (-3 + 13)?
9
Calculate (1 - (-6 + 10)) + 8.
5
Evaluate (-3 - 2) + (1 - -3).
-1
(-26 - (4 + -15)) + 12
-3
-1 + -1 + 0 - (3 + -5)
0
-13 + (12 - 6) + 0 + 4
-3
What is (1 - 5 - (9 - 14)) + -2?
-1
Calculate 3 + (0 - 3) - 2.
-2
Calculate -1 - 1 - (-11 - -8).
1
What is 0 - -5 - (18 + -14) - 3?
-2
Evaluate -13 + 10 + -1 + 2.
-2
Calculate 1 + (0 - (0 + 1)).
0
What is the value of 7 - (12 + -5 + -2)?
2
Calculate (12 - 13) + 9 + -5.
3
-2 - (-2 + -4 + (4 - 2))
2
Calculate -4 + 8 + 2 + -6 - 0.
0
Calculate (0 - 2) + -1 + 4 + -4.
-3
What is -9 + 6 + (3 - 3 - -5)?
2
What is (25 - 24) + (-2 - -1) + 2?
2
Calculate (-1 + 4 - 3) + 9 + -8.
1
What is the value of 4 + (4 - 1) + (0 - 2)?
5
Calculate -2 + (2 - (-1 + -2)).
3
3 + 2 - (-5 - (-20 + 5))
-5
Calculate 4 + (-1 - (5 - (-6 + 10))).
2
Calculate 6 + (-7 - (0 - 3)).
2
Calculate 7 + 4 + (-8 - 8).
-5
What is 7 - (5 + 0) - (-1 + 2)?
1
What is the value of 7 + -9 + (-1 - -9)?
6
(-12 - -10) + (3 - 2 - 3)
-4
What is the value of (0 + -1 - (11 - 7)) + 6?
1
Calculate (2 - 1) + 2 + -6 + 2.
-1
What is the value of -5 - (-4 - (5 - 1))?
3
What is 11 + (1 + -2 - 6)?
4
Evaluate -2 - -2 - (8 + 0 + -13).
5
0 + -1 + (-5 - -1) - -4
-1
Evaluate -5 - (-11 - -4) - 13 - -5.
-6
Calculate 30 + -14 + -16 - (1 + 1).
-2
What is 4 - (3 - 0) - 0?
1
What is (2 - ((3 - 1) + 8)) + 6?
-2
6 + 13 + (-11 - 5)
3
What is 1 + 18 + -21 + -2 + 6?
2
Calculate -10 - -8 - (1 + -2).
-1
What is the value of (6 - 13) + (3 + 4 - 5)?
-5
What is the value of (1 - 6 - (0 + 1)) + 3?
-3
Evaluate -4 + 0 + (-5 - -2 - -3).
-4
What is the value of 8 + -1 - (22 - (14 - -5))?
4
What is -4 + 3 + 0 + -1?
-2
What is the value of (1 - 7) + (-4 - (21 + -27))?
-4
What is 9 - (-4 - -12) - 0?
1
What is the value of -7 - (4 - 6 - (1 - 0))?
-4
(-4 - -1) + 1 + 6
4
What is the value of 3 + (4 - (4 + -4 + 5))?
2
10 + -11 + 5 + 2 + 1
7
Calculate 1 - (8 + (-3 - -2) + -3).
-3
What is -1 - (8 - (2 - -9))?
2
Calculate 0 + -2 + 16 + -11.
3
What is -12 + -8 + 23 + 5?
8
1 + (-9 + 4 - -2)
-2
Evaluate 1 - -1 - ((-1 - -2) + 2).
-1
What is the value of -1 + 2 - (2 + 2 - 5)?
2
What is the value of 3 - (-3 - -8) - (-1 + -1)?
0
What is 5 + 8 + -5 - 3 - -5?
10
What is 3 + 4 + -6 - 7?
-6
What is the value of 0 + 2 + (-5 - -3)?
0
What is the value of (0 - -4) + (26 - 38 - 2)?
-10
(1 - 7) + (2 - (-20 - -18))
-2
What is the value of (14 - 2) + (111 - 118)?
5
2 + (3 + -4 + 1 - -2)
4
8 - (1 + -4 + 7) - -4
8
15 - (1 + 3) - 4
7
What is -4 - ((-4 - -1) + -1)?
0
What is -7 + 3 - -6 - (-4 - 0)?
6
Evaluate -4 + 3 + (-4 - -6).
1
0 + -4 + (4 - (3 - -1))
-4
Calculate 3 + (-4 - (-2 - 3)).
4
What is the value of 3 - (1 - (4 + -4 - -2))?
4
What is the value of (2 - 3) + 0 - (1 - 0)?
-2
Calculate (-2 - -1) + (1 - (9 - 5)).
-4
What is the value of 10 + (-5 + 0 - 3)?
2
What is the value of 7 + -1 - (-11 - -16)?
1
Calculate 2 + -1 - (13 - 9).
-3
What is 6 + -5 + (16 - 11)?
6
What is 4 + -2 - (-5 - -5)?
2
(-3 - 2) + 10 - (0 - 2)
7
(5 - 0) + (10 - 20)
-5
Calculate -7 + -2 - (-15 - 8) - 7.
7
Evaluate (0 - 1) + -5 - (-582 - -572).
4
Calculate (3 + 3 - 3) + 1.
4
Evaluate -2 - (2 - (-5 + 5)).
-4
Evaluate 20 + -11 + -3 - (4 - -2).
0
What is 0 + (3 + 0 - 4)?
-1
Calculate (-1 - -9) + (-7 - 1 - -4).
4
Calculate -12 - (7 + (0 - 10)).
-9
What is -2 + 3 + (0 - 3) + 3?
1
Calculate -9 + 11 - (1 - -3).
-2
-2 + 3 + (21 - (-18 + 31))
9
-7 - (-7 - (-8 - -3) - 2)
-3
10 + (-10 - (6 - 13 - 1))
8
Evaluate 3 - (-2 + 5) - (3 - 6).
3
Calculate (-3 - (-4 + 1)) + 4 - -1.
5
What is 13 - (1 - (15 + -25))?
2
Calculate 11 - (21 + -5 + 2).
-7
Calculate 3 - (3 + -3) - 1 - 2.
0
-11 - -1 - (100 + -101)
-9
Calculate 6 - (-6 + 4) - 5.
3
3 + 0 - (3 + -7 - -2)
5
8 - (-7 + 12 + 11)
-8
What is -6 - -5 - -4 - -2?
5
What is (-7 - -3) + 5 - (-3 - -8)?
-4
-3 + -5 - -7 - 6
-7
5 - (-5 + -3 - -13)
0
4